r of 15 and 15515.
5
What is the highest common divisor of 4367 and 8?
1
What is the highest common divisor of 62 and 1388?
2
Calculate the greatest common divisor of 175642 and 6254.
106
Calculate the highest common factor of 4 and 638190.
2
What is the greatest common divisor of 2484 and 2321712?
828
What is the greatest common divisor of 80 and 42040?
40
What is the highest common factor of 1833 and 31668?
39
Calculate the highest common divisor of 445 and 655.
5
What is the highest common factor of 513 and 31122?
171
What is the highest common divisor of 7049 and 14?
7
What is the highest common divisor of 14316 and 4?
4
What is the highest common factor of 126632 and 176?
88
Calculate the greatest common divisor of 508852 and 23.
23
What is the greatest common divisor of 193158 and 364?
14
Calculate the greatest common factor of 2075 and 54800.
25
Calculate the highest common divisor of 225 and 8691525.
225
What is the highest common divisor of 72398 and 212?
106
What is the highest common divisor of 11756434 and 554?
554
Calculate the highest common divisor of 12 and 12224.
4
What is the greatest common divisor of 8 and 2087?
1
What is the highest common factor of 5527 and 5?
1
Calculate the highest common divisor of 9188 and 128.
4
What is the highest common divisor of 250 and 21410?
10
What is the highest common factor of 9492 and 1197348?
1356
Calculate the greatest common divisor of 698756 and 1460.
292
What is the highest common divisor of 1043803 and 411?
137
What is the highest common factor of 705 and 285995?
235
Calculate the greatest common divisor of 66810 and 510.
510
Calculate the highest common factor of 20 and 2540.
20
What is the highest common factor of 12179 and 323?
19
What is the highest common factor of 54 and 3018006?
54
Calculate the greatest common divisor of 19 and 1049123.
19
What is the greatest common factor of 113 and 4705546?
113
What is the greatest common divisor of 508801 and 1756?
439
What is the greatest common factor of 1206 and 4707?
9
What is the greatest common divisor of 110123 and 15093?
559
Calculate the greatest common divisor of 161668 and 1664.
52
Calculate the highest common divisor of 1385623 and 542.
271
Calculate the greatest common factor of 658 and 3332.
14
Calculate the greatest common divisor of 1326 and 2002.
26
What is the greatest common factor of 2662 and 440?
22
Calculate the greatest common factor of 2664 and 53982.
18
What is the highest common factor of 296 and 1992?
8
What is the greatest common factor of 204 and 9684?
12
Calculate the greatest common factor of 90 and 5167395.
45
Calculate the highest common factor of 57001 and 357.
119
Calculate the highest common factor of 8883 and 3619.
329
What is the greatest common divisor of 297122 and 3724?
266
What is the highest common factor of 2782 and 14873?
107
What is the greatest common divisor of 118041 and 357?
21
What is the greatest common divisor of 431644 and 248?
124
What is the greatest common divisor of 3312 and 8901?
207
What is the highest common factor of 1175 and 3350?
25
What is the greatest common factor of 33352 and 660?
44
Calculate the highest common divisor of 180778 and 170.
34
Calculate the highest common divisor of 28882 and 1050.
14
Calculate the greatest common divisor of 52416 and 288.
288
What is the highest common divisor of 1186 and 126309?
593
Calculate the greatest common factor of 9172 and 464.
4
Calculate the highest common factor of 813 and 2912979.
813
Calculate the greatest common factor of 2947 and 10525.
421
What is the highest common factor of 3854 and 50799?
41
Calculate the greatest common factor of 4 and 1333152.
4
Calculate the highest common divisor of 2589 and 39.
3
What is the greatest common divisor of 133208 and 344?
8
Calculate the greatest common divisor of 3789 and 639.
9
Calculate the highest common divisor of 40373 and 564.
47
What is the highest common factor of 35073 and 81?
81
Calculate the greatest common divisor of 1122 and 110.
22
What is the greatest common divisor of 704 and 239162?
22
Calculate the greatest common divisor of 47808 and 4896.
288
What is the greatest common factor of 121627 and 11?
11
What is the greatest common factor of 5268 and 96?
12
Calculate the highest common factor of 25500 and 1088.
68
Calculate the highest common divisor of 369 and 43893.
9
What is the greatest common divisor of 382 and 351249?
191
Calculate the greatest common factor of 312362 and 94.
94
Calculate the greatest common factor of 6192 and 540.
36
Calculate the greatest common divisor of 11767 and 49.
7
Calculate the highest common factor of 6204 and 4700.
188
What is the greatest common factor of 30840 and 1020?
60
What is the greatest common divisor of 13894775 and 5450?
2725
Calculate the greatest common divisor of 18 and 1022796.
18
Calculate the highest common factor of 77000 and 256200.
1400
Calculate the greatest common divisor of 30765 and 756.
21
Calculate the highest common factor of 34379 and 1147.
31
Calculate the highest common divisor of 723652 and 678.
226
What is the highest common factor of 2980 and 59898?
298
What is the highest common factor of 373 and 15293?
373
Calculate the highest common factor of 123 and 281383.
41
What is the highest common factor of 5646359 and 59?
59
What is the highest common divisor of 10 and 2737390?
10
What is the greatest common divisor of 227793 and 3?
3
What is the greatest common divisor of 151087 and 92?
23
Calculate the greatest common factor of 182 and 808304.
14
What is the highest common factor of 26 and 11338?
2
What is the greatest common factor of 118209 and 2184?
273
Calculate the highest common divisor of 209 and 779.
19
Calculate the greatest common divisor of 1632 and 1644.
12
What is the greatest common factor of 92966 and 141?
47
What is the greatest common factor of 103 and 12978?
103
Calculate the highest common factor of 27657510 and 219.
219
What is the highest common divisor of 611 and 241157?
47
What is the greatest common factor of 8190 and 3250?
130
What is the greatest common divisor of 252 and 1332?
36
What is the highest common divisor of 18 and 82266?
6
What is the greatest common divisor of 16313 and 11?
11
Calculate the greatest common factor of 144 and 308256.
48
What is the greatest common factor of 9 and 48159?
9
What is the greatest common divisor of 22 and 238337?
11
Calculate the highest common factor of 3703 and 8694.
161
Calculate the highest common divisor of 15 and 58150.
5
Calculate the highest common divisor of 2080 and 481.
13
Calculate the greatest common factor of 1052763 and 12.
3
What is the greatest common factor of 186698 and 1662?
554
What is the highest common factor of 147400 and 335?
335
What is the greatest common factor of 1208682 and 729?
729
Calculate the greatest common divisor of 3842 and 867.
17
Calculate the greatest common divisor of 350 and 2433725.
175
What is the highest common factor of 120 and 2443410?
30
What is the highest common factor of 68499 and 25488?
1593
What is the highest common factor of 476 and 496412?
28
What is the highest common divisor of 105506 and 2414?
142
Calculate the greatest common divisor of 36543 and 96511.
937
What is the greatest common factor of 77328 and 5832?
216
Calculate the highest common factor of 22311 and 45.
9
Calculate the highest common factor of 510 and 2521950.
510
Calculate the highest common factor of 516 and 102612.
12
Calculate the highest common factor of 131 and 49.
1
Calculate the highest common factor of 5478 and 132.
66
What is the greatest common divisor of 273266 and 182?
14
Calculate the highest common divisor of 1415592 and 90.
18
Calculate the greatest common divisor of 427 and 1645.
7
What is the greatest common factor of 27 and 297081?
27
What is the greatest common divisor of 36 and 10251?
9
What is the highest common divisor of 210 and 365610?
210
Calculate the highest common divisor of 126 and 165578.
14
What is the highest common divisor of 19721 and 451?
41
Calculate the greatest common divisor of 15 and 121440.
15
What is the greatest common factor of 1162 and 12778514?
1162
Calculate the highest common factor of 13816 and 4082.
314
Calculate the greatest common divisor of 1715 and 90.
5
What is t